11001
In base 7, what is 1230 - 63?
1134
In base 8, what is 26 + -11141?
-11113
In base 15, what is -1 - -5e381?
5e380
In base 6, what is 544 - -25?
1013
In base 3, what is 10100210012112 + -2?
10100210012110
In base 15, what is -3 + 22e4ea?
22e4e7
In base 12, what is -3157b + -4?
-31583
In base 5, what is 2 + 42142442?
42142444
In base 6, what is 2350512 + 1?
2350513
In base 5, what is 114 + 43433?
44102
In base 8, what is -602536 + 26?
-602510
In base 10, what is 1953 - 1968?
-15
In base 15, what is 15d - b7c?
-a1e
In base 10, what is 0 + 15708?
15708
In base 5, what is 1234431 + 1?
1234432
In base 9, what is 458778 - -8?
458787
In base 7, what is 64 - -422?
516
In base 7, what is -121243 + -53?
-121326
In base 15, what is -34030a + -3?
-34030d
In base 16, what is -5 - -d4a86?
d4a81
In base 14, what is -1c81 - 34?
-1cb5
In base 11, what is 26a + -342?
-83
In base 6, what is -103005011 - -3?
-103005004
In base 6, what is 2330 + 102?
2432
In base 7, what is 10615 + 10?
10625
In base 15, what is 27 - -17cd9?
17d11
In base 10, what is -136 + -43?
-179
In base 4, what is 100 + 22322?
23022
In base 13, what is -4 + 3421?
341a
In base 16, what is 1c8db - 7?
1c8d4
In base 16, what is 5 + -a0c?
-a07
In base 15, what is -2 - 15b81b?
-15b81d
In base 2, what is 10011001011100 - -111?
10011001100011
In base 7, what is 354 + 12603?
13260
In base 14, what is 3 + -6d7?
-6d4
In base 7, what is 1133110 - 12?
1133065
In base 13, what is -2 + -14a58?
-14a5a
In base 16, what is -1428 - 3?
-142b
In base 16, what is 45 + 22b?
270
In base 11, what is -963a6 - 5?
-96400
In base 6, what is -122342 - -11?
-122331
In base 5, what is 2201 + 1430?
4131
In base 3, what is 2111101201200 + -10?
2111101201120
In base 8, what is -371322 - 3?
-371325
In base 11, what is 18 - a812?
-a7a5
In base 12, what is -153 + 210?
79
In base 11, what is -430 - 635?
-a65
In base 9, what is -35058 + -66?
-35135
In base 5, what is -10 - -2014010?
2014000
In base 8, what is -41 - 3050?
-3111
In base 11, what is 66 + -141?
-86
In base 8, what is -1 - 6270?
-6271
In base 10, what is 15 - 14054?
-14039
In base 3, what is -1100 - 122112211?
-122121011
In base 8, what is -27 - -27124?
27075
In base 9, what is -10106 + -606?
-10713
In base 14, what is 0 + db32?
db32
In base 11, what is 6 - 107472?
-107467
In base 4, what is 1312 - 21321?
-20003
In base 3, what is 1222100011 - 21?
1222022220
In base 16, what is 7ca3 - -34?
7cd7
In base 16, what is 47 - -3a99?
3ae0
In base 4, what is -20330 - -133211?
112221
In base 11, what is -62616 - 5?
-62620
In base 13, what is a9 - 30c2?
-3016
In base 7, what is -2 - 10403?
-10405
In base 11, what is -217 + -1a38?
-2154
In base 7, what is 521302 + 10?
521312
In base 14, what is 3b + -4a?
-d
In base 15, what is 176de + -7?
176d7
In base 8, what is -13 + 7150?
7135
In base 9, what is 57 + 818?
876
In base 6, what is 5 + 1400523?
1400532
In base 2, what is -100111101001011101 + 101?
-100111101001011000
In base 6, what is 235340014 - -2?
235340020
In base 8, what is 2152 - 3?
2147
In base 11, what is -1 + 4516?
4515
In base 2, what is -10010011 - -110001010110?
101111000011
In base 15, what is 1d6291 - -5?
1d6296
In base 6, what is -11412 - -114?
-11254
In base 4, what is 332002132 + -110?
332002022
In base 3, what is -121202020020 + -11?
-121202020101
In base 6, what is 3 + -200443?
-200440
In base 15, what is 1 - 5bd3?
-5bd2
In base 14, what is 1806 - 2?
1804
In base 16, what is -2 + deb6c?
deb6a
In base 2, what is 101 - 11111010111100?
-11111010110111
In base 15, what is -31 - -4ae?
47d
In base 2, what is -1000101101010101001 - -11?
-1000101101010100110
In base 3, what is -11111102 - 10?
-11111112
In base 12, what is -82 - -22533?
22471
In base 10, what is -18 + -18131?
-18149
In base 9, what is -27 + 65774?
65746
In base 13, what is -b + -c17?
-c25
In base 16, what is -1a + -2deb?
-2e05
In base 9, what is 276 + 4672?
5058
In base 9, what is -30 - -2?
-27
In base 5, what is 2 + 10334134?
10334141
In base 5, what is 4213403001 + 3?
4213403004
In base 11, what is -967 - -237?
-730
In base 16, what is -31e + -148d?
-17ab
In base 16, what is -9 - 31dea?
-31df3
In base 4, what is -233 - 200?
-1033
In base 4, what is -310011 + -3?
-310020
In base 12, what is 1713 - -14?
1727
In base 6, what is 42303 + 240?
42543
In base 13, what is -15 - -403?
3bb
In base 15, what is 4156 - -4?
415a
In base 15, what is 4 + 31c80?
31c84
In base 7, what is 222 - -6304?
6526
In base 6, what is 2023241 - -105?
2023350
In base 2, what is -110100000011000100111 - 11?
-110100000011000101010
In base 10, what is 10696 - -9?
10705
In base 7, what is -43 - 3030?
-3103
In base 6, what is 11550 - 14?
11532
In base 9, what is -42386 - -4?
-42382
In base 4, what is 3321 + -313321?
-310000
In base 4, what is 1120102 + -1001?
1113101
In base 15, what is 1ec1 + 12?
1ed3
In base 2, what is 11101000000 + 11011101010?
111000101010
In base 16, what is -18328 - -1?
-18327
In base 8, what is 0 + -765323?
-765323
In base 2, what is 10100001010011000010 - -101?
10100001010011000111
In base 6, what is -2 - 1055525?
-1055531
In base 6, what is 11413 - -223?
12040
In base 8, what is -564 + -2651?
-3435
In base 13, what is 4 - 2746?
-2742
In base 12, what is 201 - 10b?
b2
In base 15, what is 3 + a69?
a6c
In base 4, what is 11003 + -21122?
-10113
In base 9, what is -527675 - -1?
-527674
In base 7, what is 24334 + -3?
24331
In base 15, what is 78 + 13b?
1b4
In base 4, what is 110320323 + -10?
110320313
In base 4, what is -11 - 30000032?
-30000103
In base 5, what is 2 - 124101?
-124044
In base 7, what is -50 - -50504?
50424
In base 12, what is -19 + -98451?
-9846a
In base 11, what is 4 + -10100a?
-101006
In base 16, what is -c1 + 28ff?
283e
In base 2, what is -1011110010 - -10110?
-1011011100
In base 5, what is 112 + -4440431?
-4440314
In base 13, what is 370c + 51?
3760
In base 5, what is 30124341 - 2?
30124334
In base 16, what is -5 - -157c?
1577
In base 3, what is 122110 - 100?
122010
In base 9, what is 305 + 4824?
5230
In base 9, what is 3 - 6712?
-6708
In base 9, what is 12215 + -5?
12210
In base 9, what is 17603 - 2?
17601
In base 6, what is 2254 - 400?
1454
In base 13, what is -8 + 832?
827
In base 4, what is 1010310 + 100?
1011010
In base 3, what is -2 + -1101110010?
-1101110012
In base 8, what is -2 + -35623?
-35625
In base 3, what is -1100212 - -12111?
-1011101
In base 9, what is -1221014 + 2?
-1221012
In base 7, what is -4 - 12621?
-12625
In base 12, what is -8ab3 + -19?
-8b10
In base 7, what is -5 + -43243?
-43251
In base 15, what is 2 - ab70?
-ab6d
In base 5, what is 11220 - 124?
11041
In base 8, what is 215 + -112?
103
In base 16, what is 3 - -2f3b?
2f3e
In base 16, what is -6 - -24bf?
24b9
In base 6, what is 3 - -1113141?
1113144
In base 16, what is 5c5 + -1a?
5ab
In base 12, what is 0 + -a6685?
-a6685
In base 9, what is -2166 - -3?
-2163
In base 6, what is -42504 + -301?
-43205
In base 12, what is 3 + -495b?
-4958
In base 2, what is -1 - -1000010110101011?
1000010110101010
In base 16, what is 1 + -e0de?
-e0dd
In base 16, what is 2 - -14c6?
14c8
In base 11, what is 15a80 + -7a?
15a01
In base 13, what is 32cb + -3?
32c8
In base 12, what is 48 - 38?
10
In base 2, what is 100 - 1110010111010?
-1110010110110
In base 3, what is -11 + -211201202?
-211201220
In base 14, what is -12221 + -31?
-12252
In base 4, what is 3003000 - -1201?
3010201
In base 6, what is -215 - -534?
315
In base 9, what is 1363 + 12?
1375
In base 3, what is 2211220000221 - 0?
2211220000221
In base 8, what is 33346 + -13?
33333
In base 11, what is -9346 - -51?
-92a5
In base 11, what is 58 + -418a?
-4132
In base 12, what is 100 + -7729?
-7629
In base 5, what is 113 - 131110?
-130442
In base 9, what is 441 - -276?
727
In base 6, what is -422 + -23114?
-23540
In base 9, what is 114 + 1327?
1442
In base 5, what is 2114 - 4213?
-2044
In base 7, what is 101334 - 0?
101334
In base 10, what is -90405 - -6?
-90399
In base 6, what is 1503014 + 21?
1503035
In base 3, what is 2112 - -112021000?
112100112
In base 15, what is -2c + -1d4a8?
-1d4d5
In base 8, what is -13234 + -5?
-13241
In base 4, what is 113011 + 33?
113110
In base 10, what is 565 + 639?
1204
In base 2, what is 1101010011000 + -110101?
1101001100011
In base 14, what is -3c1528 - 0?